(j).
10
Let o(t) = -13*t + 370. Let v be o(29). Let i(f) = f**3 + 5*f**2 - 13*f + 7. Calculate i(v).
0
Let w(x) = -68*x**3 + 2*x + 30*x**3 - x - 13 + 0*x - 10*x**2 + 39*x**3. What is w(10)?
-3
Let n(r) = -r**2 - 8*r - 4. Let l = 240 - 244. Determine n(l).
12
Suppose -2*p + 5 = 15. Let m be 30/(-2)*((-15)/9)/p. Let q(n) = -n**3 - 5*n**2 + 4*n - 7. What is q(m)?
-27
Let f(h) = 2*h + 0*h - 2*h - h**2. Let k = -701 + 703. Determine f(k).
-4
Let b(t) = -17*t - 71. Let u(j) = 11*j + 46. Let c(o) = 5*b(o) + 8*u(o). What is c(-6)?
-5
Let g(w) = 14*w + 17. Suppose -33 = 5*r + 22. Suppose 2*v + 1 = l - 9, 3*l = 3*v + 18. Let u(j) = -5*j - 6. Let c(b) = r*u(b) + v*g(b). What is c(-5)?
3
Let w(n) = 20*n**2 - 10*n + 7. Let d(f) = -3*f**2 + 1. Let p(t) = 7*t**2 - t - 1. Let l(r) = 5*d(r) + 3*p(r). Let z(s) = 7*l(s) - 2*w(s). Determine z(-3).
21
Let s = -1125 - -1125. Let w(t) = -3*t - 1 + 2*t + 4. Give w(s).
3
Let w(l) = l + 0*l**2 + 4 - 7*l**2 + 0*l**3 - l**3. Suppose 0 = -8*u - 56. What is w(u)?
-3
Let m(k) = 3 + 0*k + 6*k**3 + k - 2*k**2 - 10*k**3 + 3*k**3. Calculate m(3).
-39
Let g(w) be the third derivative of -w**4/24 - 4*w**3/3 + 8*w**2. Let q be g(-10). Let p(a) = 2 + q + 6*a + 2 - 7. What is p(2)?
11
Let q be ((-1)/2 - (-15)/(-10)) + -3. Let j(x) = x**3 + 3*x**2 - 10*x - 3. Let w be j(q). Let f(v) = 4*v - 4. Determine f(w).
-16
Let w(x) = 5*x**2 + 4*x + 12. Suppose 2*r - 13 + 35 = 0. Let l = -24 + 18. Let b(i) = -9*i**2 - 8*i - 23. Let p(f) = l*b(f) + r*w(f). Determine p(5).
1
Suppose 2*l + 43 = 3*l. Let g be (-4)/(3*(-16)/36). Let x(f) = -2*f**2 + l*f**3 + 2 - 2*f**2 - g*f - 44*f**3. Calculate x(-3).
2
Let t(a) = 7*a**3 - 6*a**2 - 11*a - 19. Let p(y) = 3*y**3 - 3*y**2 - 5*y - 9. Let b(s) = 9*p(s) - 4*t(s). Give b(-4).
15
Suppose 3*x - 5*n = -x + 9, 5*x = 2*n - 10. Let z(y) be the second derivative of -y**4/12 - y**3 - 2*y**2 + 2*y - 18. Calculate z(x).
4
Let v(p) be the third derivative of p**5/120 + p**4/24 + 7*p**3/6 + 12*p**2. Let j(t) be the first derivative of v(t). Determine j(-1).
0
Let d(g) = -2*g - 169 + 169 + 6*g. Let s be d(1). Suppose -2*w = -s*c - 10, 3*c - 3*w - 35 = 7*c. Let i(q) = -q - 1. Calculate i(c).
4
Let w(v) = -4*v + 47. Let z be w(11). Let j(t) = -z*t - 4 - 2*t**2 - t**2 + 4*t**2. What is j(5)?
6
Let k(m) = -5 - 4 - 3*m - 3 + 11. Let c(t) = t. Let g(y) = -2*c(y) - k(y). Calculate g(7).
8
Let b(d) = 2*d**3 - 8*d**2 - 25*d + 11. Let x be b(6). Let n(m) = m**3 - 4*m**2 - 5*m + 6. Determine n(x).
6
Let w be -3 - 1 - (-333)/37. Let x(b) = b**3 - 5*b**2 + 4*b - 3. Determine x(w).
17
Suppose -24 = 2*z + 4*v, -7*z + 3*v - 37 = -3*z. Let l(a) = -a**3 - 9*a**2 + 9*a + 7. What is l(z)?
17
Let l(x) be the second derivative of x**5/20 - x**4/3 - x**3/2 + 3*x**2/2 + 4*x. Let a = 8 - 9. Let o = 3 + a. What is l(o)?
-11
Let z(g) be the second derivative of -g**6/720 - g**5/30 + g**4/6 + 11*g**3/3 + 2*g + 22. Let c(o) be the third derivative of z(o). Calculate c(-8).
4
Suppose -9 = o - 4. Let x(r) be the first derivative of 7*r + 2 + 1/2*r**2. Calculate x(o).
2
Let r(g) = 13*g**2 + 11*g + 22. Let f(j) = 8*j**2 + 8*j + 15. Let t(o) = 8*f(o) - 5*r(o). Calculate t(9).
10
Let b(f) = 68*f + 14. Let s(t) = -23*t - 5. Let y(q) = 6*b(q) + 17*s(q). Suppose h = 3*w - 2*h, 0 = 4*w + 3*h - 7. Determine y(w).
16
Let x(t) be the third derivative of -1/3*t**3 + 1/24*t**4 + 39 + 0*t + 2*t**2. Determine x(2).
0
Let k be 1*4 + 2 - -2. Let y(m) = 37*m - 1. Let z(c) = -83*c. Let f(o) = 9*y(o) + 4*z(o). Calculate f(k).
-1
Let s(i) be the third derivative of -i**5/40 + i**4/12 - 25*i**3/6 - 28*i**2. Let f(z) be the first derivative of s(z). Determine f(5).
-13
Let h(f) be the first derivative of -f**3/3 + f**2 - 4*f + 398. Calculate h(5).
-19
Let v(c) be the first derivative of 8*c - 9/2*c**2 - 3 + 1/3*c**3. What is v(8)?
0
Let a(k) be the second derivative of -k**4/12 + k**3 + 3*k**2 + 2*k. Let c(d) = 5*d**2 - d**3 - 4 + 3*d - 2 + 5*d. Let i be c(6). What is a(i)?
6
Suppose -78 + 99 = 3*m. Let w(u) = u**2 + 5 + 17 + m*u - 19. Give w(-4).
-9
Let x(t) = -4 + 8*t - 16 + 4 + 3*t. Let o(u) = -13*u + 17. Let w(g) = 6*o(g) + 7*x(g). What is w(0)?
-10
Let j(m) = -m**3 - 2 + 5*m - 2*m**2 + 6 - 2. Let b be (-1)/18 - (-9275)/(-3150). Determine j(b).
-4
Suppose -w + 20 = -5*x, -2*x + 0*w - 5 = -w. Let l be (12/5)/(-6)*x. Let u(f) = -6 - 6*f + 4*f - 3 + l. Give u(-6).
5
Let d = -6 + 8. Let z be d/13 - (-100)/26. Let n(p) = z + p + 5*p + 14*p**2 - 13*p**2. What is n(-5)?
-1
Let k(g) = g**3 - 12*g**2 + 7*g + 137. Let s be k(10). Let v(y) = -y**2 + 4*y + 30. Determine v(s).
9
Let z(i) = -i**2 + 6*i + 10. Let y be z(-2). Let v(p) = -p**2 - 2*p + 8. Give v(y).
-16
Let l(v) be the first derivative of -1/10*v**5 - 7/24*v**4 + 3/2*v**2 - 1/120*v**6 + 8 + 0*v - v**3. Let y(u) be the second derivative of l(u). What is y(-5)?
4
Let a(i) = -3*i**2. Suppose -3*g + 1 = 19. Let v = -6 - g. Suppose 3*h + v = 3. Give a(h).
-3
Let r(m) = -m**3 + m**2 + 6. Let x be -1*(5*-9)/(-3). Let b be 9/x + 6/(-15). Let c be b/(-5) + (-2)/10. What is r(c)?
6
Let v(p) = -5*p + 44. Let y be v(10). Let f(z) = 6 - 10*z + 2*z**2 + 10*z + 10*z. What is f(y)?
18
Suppose -6 + 9 = -3*w. Let f(c) = -c**2 - 1. Let v(l) = -7*l**2 + 2*l - 3. Let k(p) = -2*p**2 - p. Let z be k(-1). Let s(d) = z*v(d) + 4*f(d). What is s(w)?
4
Suppose -17 = 17*g - 187. Let o(i) = -i**3 + 10*i**2 + 5*i + 8. What is o(g)?
58
Let d(i) = 3*i**2 + 14*i - 5. Let a(u) = -u**2 - 7*u + 3. Let b(p) = -5*a(p) - 2*d(p). Let h be (-1)/2*2 - 42/(-6). Give b(h).
1
Let h(i) be the third derivative of i**4/12 - 2*i**3/3 - i**2 - 16*i. Determine h(-6).
-16
Let g(w) = 2*w**2 - 5*w - 2. Let t(a) = -a**2 - 2*a + 12. Let l be t(-4). What is g(l)?
10
Let h(n) be the second derivative of -3/4*n**4 - 1/3*n**3 - 7/2*n**2 + 10*n + 0 - 1/20*n**5. Calculate h(-9).
11
Let a(l) = 8*l - 18*l + 8*l - 8 + 6*l. Determine a(5).
12
Let i(d) = 2*d - 18. Let w be (0/6)/(-21 - -16). Calculate i(w).
-18
Let v(c) = 5*c + 2. Let j(w) = w - 2. Let g(d) = -3*j(d) + v(d). Suppose -3*o = -3*r + 24, r = -2*r + 3. Determine g(o).
-6
Suppose -3*s + 134 = -5*p - 65, 0 = 5*s + 3*p - 343. Let f(m) = -s*m + 33*m + 34*m. Determine f(-3).
3
Let r(p) be the second derivative of -p**3/6 - 9*p**2/2 - 183*p. What is r(-4)?
-5
Suppose m = -2*m + 21. Let d(h) = -h**2 + 6*h + 13. Give d(m).
6
Let y(k) be the first derivative of 3*k**5/20 - k**4/24 - k**3/6 - 11*k**2/2 - 16. Let d(z) be the second derivative of y(z). Give d(-1).
9
Suppose 0 = -4*m - 4, -2*r + 23 = 5*m - 16. Suppose -21*q = -r*q. Let h(s) = -s + 0*s + 2 - 4. Give h(q).
-2
Let m(d) = -3*d**3 - 14*d**2 - 19*d. Let c(o) = -5*o**3 - 15*o**2 - 22*o. Let q(s) = -2*c(s) + 3*m(s). What is q(13)?
0
Let r(o) = 7*o**3 + 8*o**2 - 47*o - 2. Let p(h) = -3*h**3 - 3*h**2 + 21*h + 1. Let s(x) = -9*p(x) - 4*r(x). What is s(-5)?
4
Suppose -4*y - 17 + 1 = 0, 5*q = 4*y - 4. Let b be ((-4)/5)/(1/(-5)). Let w(f) = 7*f - 3*f + b*f**2 - 3*f**2 + 1. Give w(q).
1
Let f be -5 + 1/(-2)*-6. Let g(v) be the first derivative of 3*v**4/4 + 2*v**3/3 - 2*v - 2. Give g(f).
-18
Let z(i) be the second derivative of i**3/2 - 11*i**2/2 + 3*i - 92. Give z(11).
22
Let i(r) = -5 + 7 + 0*r**3 - 5 - 11*r**3 - 4*r**2. Let t(u) = u**3 - u**2 - 1. Let g(n) = -i(n) + 4*t(n). Determine g(-1).
-16
Let q(h) = -7*h - 32. Suppose -371*z = -380*z - 45. Give q(z).
3
Let t = -1021 - -1025. Let h = -76 - -112. Suppose -d + 8 = s, h = 4*d + d + t*s. Let w(g) = -g**3 + 5*g**2 - 6*g + 6. Calculate w(d).
-2
Let b(o) = o**2 - o + 1. Suppose i - 14 + 12 = 0. Let j(p) = -p - 8. Let v be j(-6). Let m = i + v. Determine b(m).
1
Let l(x) = 0*x - 1175 - x + 1167. Let c(h) = -6*h**2 - h - 1. Let n be c(-1). Calculate l(n).
-2
Let f(g) = -g**2 + 2*g**2 + 0*g + 64 - 4*g - 65 + g. Let d be (-2)/(6/(-39)) + 0. Suppose -1 = r - 0*s + 2*s, 5*r = -2*s - d. Give f(r).
17
Suppose -4*h - 4 + 0 = 2*x, 3*x - h - 8 = 0. Suppose 2 = n - x. Let s(u) be the third derivative of -u**6/120 + u**5/20 + u**4/12 + u**3/3 - u**2. Give s(n).
-6
Let d(a) = -2*a**3 + 13*a**2 + 5*a + 10. Let c be d(7). Let y(n) = n. Let j(w) = 2*w - 2. Let p(u) = c*j(u) + 7*y(u). Calculate p(8).
0
Let u(i) = -189 + 187 - i**3 + 3*i**2 + 2*i**2 - 2*i**2 - 2*i. Calculate u(2).
-2
Let v(x) be the third derivative of -x**4/24 + x**3/2 + 64*x**2